{"id":282,"date":"2019-07-19T22:25:05","date_gmt":"2019-07-19T22:25:05","guid":{"rendered":"https:\/\/elpoderdelauva.com\/?page_id=282"},"modified":"2021-05-12T00:42:26","modified_gmt":"2021-05-12T00:42:26","slug":"facts","status":"publish","type":"page","link":"https:\/\/elpoderdelauva.com\/?page_id=282","title":{"rendered":"Datos Sobre la Uva"},"content":{"rendered":"\n\n\n\n<p class=\"wp-block-paragraph\"><\/p>\n\n\n\n<p class=\"wp-block-paragraph\"><\/p>\n\n\n\n<p class=\"wp-block-paragraph\">DATOS SOBRE LA UVA:<\/p>\n\n\n\n<ol class=\"wp-block-list\"><li>La ciencia indica que los polifenoles en las uvas Concord ayudan a mantener unas arterias m\u00e1s flexibles que, pudiera promover un flujo de sangre saludable en la mente.<\/li><li>La uva Concord es diferente al resto de las&nbsp;uvas. Tiene&nbsp;una&nbsp;c\u00e1scara gruesa, un&nbsp;color morado intenso y unas semillas crujientes que es donde se encuentran los nutrientes naturales&nbsp;de la fruta y los polifenoles detr\u00e1s de los beneficios de la uva.<\/li><li>Los pasados 20 a\u00f1os de estudios demuestran que, gracias a la uva Concord, el jugo 100% de uva ayuda a la salud del coraz\u00f3n. De hecho, el jugo de uva Concord contiene muchos de los mismos polifenoles y beneficios para el coraz\u00f3n que el vino tinto.<\/li><li>Investigaciones revelan que personas que consumen jugo de uva Concord aumentan la actividad neur\u00e1lgica y flujo sangu\u00edneo en dos partes del cerebro envueltas con la memoria.<\/li><li>\u00a1El jugo de uva Concord no es un jugo de uva ordinario! Adem\u00e1s de su gran sabor, contiene mas polifenoles que la mayor\u00eda de los jugos mas comunes.<\/li><li>Estudios sugieren que una dieta rica en polifenoles puede ayudar a nutrir el desempe\u00f1o cognitivo.<\/li><li>Investigaciones han descubierto que tomar jugo 100% de uva Concord en moderaci\u00f3n puede ser parte de una dieta balanceada mientras ayuda a&nbsp;mantener un peso saludable.<\/li><li>La ciencia emergente sugiere que las uvas Concord pueden ofrecer ciertos beneficios a la salud cognitiva<\/li><li>La ciencia indica que los polifenoles en las uvas Concord ayudan a flexibilizar las arterias que, entonces, promueven un saludable flujo de sangre al celebro.<\/li><li>Para capturar el sabor y los nutrientes de las uvas Concord en nuestro jugo de uvas, Welch\u2019s exprime la uva completa con su colorida c\u00e1scara, crujientes semillas y pulpa llena de sabor.<\/li><li>El inolvidable sabor de la uva Concord es resultado del lugar donde se desarrolla la cosecha.<\/li><li>La uva Concord crece en condiciones de micro-clima extremas, similares a las que se encuentran cerca a cuerpos de agua.<\/li><li>La primera ves que se cultiv\u00f3 la uva Concord fue en 1849 en Concord, Massachusetts por Ephraim Wales Bull.<\/li><li>La uva Concord es realmente una super-fruta americana.<\/li><li>Una vez cosechada, a la uva se le verifica su calidad. Luego solo las mejores uvas son seleccionadas para ser exprimidas para hacer jugo. Este proceso se hace solo 8 horas luego de la cosecha,&nbsp;as\u00ed se sella el sabor y los beneficios de salud de la uva Concord.&nbsp;<\/li><li>Adem\u00e1s de su&nbsp;fabuloso sabor, la&nbsp;uva Concord contiene mas polifenoles que la mayor\u00eda de los otros jugos comunes.<\/li><li>Recientemente se ha comprobado que el jugo de uva Concord tiene una concentraci\u00f3n de polifenoles m\u00e1s alta que varias de las otras \u201csuper-frutas\u201d como jugos de ar\u00e1ndanos (blueberry y&nbsp;cranberry) y acai.<\/li><li>Estudios demuestran que el jugo de uva Concord puede ayudar a tener un coraz\u00f3n saludable a trav\u00e9s de una mejor circulaci\u00f3n.<\/li><li>Estudios sugieren que la uva Concord pueden estimular la producci\u00f3n de oxido n\u00edtrico que ayuda a relajar y dilatar las arterias. Las arterias cuando est\u00e1n relajadas y dilatadas ayudan a tener una&nbsp;circulaci\u00f3n saludable, manteniendo un flujo saludable de sangre y un buen nivel de energ\u00eda.<\/li><li>Los estudios en esta area son emergentes, a\u00fan&nbsp;as\u00ed la ciencia ha comenzado a sugerir que las uvas Concord pueden ofrecer ciertos beneficios de salud para la mente y la memoria.<\/li><li>Estudios preliminares sugieren que el jugo de uva Concord puede proveer beneficios en las&nbsp;funciones&nbsp;cognitivas y el control de az\u00facar en la sangre.<\/li><li>Welch\u2019s es la marca n\u00famero 1 en venta de jugo de uva.<\/li><li>Welch\u2019s es una cooperativa de aproximadamente 1,000 familias de granjeros que por generaciones han sembrado, criado y cosechado la uva Concord de Welch\u2019s con precisi\u00f3n y pasi\u00f3n.<\/li><\/ol>\n","protected":false},"excerpt":{"rendered":"<p>DATOS SOBRE LA UVA: La ciencia indica que los polifenoles en las uvas Concord ayudan a mantener unas arterias m\u00e1s flexibles que, pudiera promover un flujo de sangre saludable en la mente. La uva Concord es diferente al resto de las&nbsp;uvas. Tiene&nbsp;una&nbsp;c\u00e1scara gruesa, un&nbsp;color morado intenso y unas semillas crujientes que es donde se encuentran [&hellip;]<\/p>\n","protected":false},"author":158510315,"featured_media":0,"parent":97,"menu_order":0,"comment_status":"closed","ping_status":"closed","template":"templates\/full-width-content.php","meta":{"_crdt_document":"","footnotes":""},"tags":[1364,1366,1365,1361,1362,1363],"class_list":["post-282","page","type-page","status-publish","hentry","tag-datos","tag-datos-de-la-uva","tag-datos-welchs","tag-facts","tag-welchs","tag-welchs-facts"],"jetpack_likes_enabled":false,"jetpack_sharing_enabled":false,"jetpack_shortlink":"https:\/\/wp.me\/Pb43Al-4y","amp_enabled":false,"_links":{"self":[{"href":"https:\/\/elpoderdelauva.com\/index.php?rest_route=\/wp\/v2\/pages\/282","targetHints":{"allow":["GET"]}}],"collection":[{"href":"https:\/\/elpoderdelauva.com\/index.php?rest_route=\/wp\/v2\/pages"}],"about":[{"href":"https:\/\/elpoderdelauva.com\/index.php?rest_route=\/wp\/v2\/types\/page"}],"author":[{"embeddable":true,"href":"https:\/\/elpoderdelauva.com\/index.php?rest_route=\/wp\/v2\/users\/158510315"}],"replies":[{"embeddable":true,"href":"https:\/\/elpoderdelauva.com\/index.php?rest_route=%2Fwp%2Fv2%2Fcomments&post=282"}],"version-history":[{"count":18,"href":"https:\/\/elpoderdelauva.com\/index.php?rest_route=\/wp\/v2\/pages\/282\/revisions"}],"predecessor-version":[{"id":654,"href":"https:\/\/elpoderdelauva.com\/index.php?rest_route=\/wp\/v2\/pages\/282\/revisions\/654"}],"up":[{"embeddable":true,"href":"https:\/\/elpoderdelauva.com\/index.php?rest_route=\/wp\/v2\/pages\/97"}],"wp:attachment":[{"href":"https:\/\/elpoderdelauva.com\/index.php?rest_route=%2Fwp%2Fv2%2Fmedia&parent=282"}],"wp:term":[{"taxonomy":"post_tag","embeddable":true,"href":"https:\/\/elpoderdelauva.com\/index.php?rest_route=%2Fwp%2Fv2%2Ftags&post=282"}],"curies":[{"name":"wp","href":"https:\/\/api.w.org\/{rel}","templated":true}]}}